6582 is divided by 8915?
452
Calculate the remainder when 1127245 is divided by 1179.
121
Calculate the remainder when 3720001 is divided by 464986.
113
What is the remainder when 7752308 is divided by 183?
62
Calculate the remainder when 143282698 is divided by 36.
34
What is the remainder when 398288 is divided by 10?
8
What is the remainder when 213986 is divided by 4045?
3646
What is the remainder when 736428 is divided by 48?
12
Calculate the remainder when 65451222 is divided by 2564.
2558
What is the remainder when 209234 is divided by 1876?
998
What is the remainder when 5360442 is divided by 1355?
62
What is the remainder when 7238278 is divided by 10?
8
Calculate the remainder when 16003889 is divided by 59494.
3
What is the remainder when 6705802 is divided by 3352844?
114
Calculate the remainder when 18628 is divided by 2645.
113
Calculate the remainder when 498291 is divided by 2224.
115
Calculate the remainder when 7308 is divided by 6531.
777
Calculate the remainder when 11117559 is divided by 62811.
12
Calculate the remainder when 506995 is divided by 559.
541
What is the remainder when 1463687 is divided by 1477?
1457
What is the remainder when 843644 is divided by 12991?
12220
Calculate the remainder when 47727 is divided by 7816.
831
What is the remainder when 8882637 is divided by 3285?
3282
What is the remainder when 1110352 is divided by 2?
0
Calculate the remainder when 813915 is divided by 813854.
61
Calculate the remainder when 304781562 is divided by 165.
162
What is the remainder when 53988 is divided by 5149?
2498
What is the remainder when 198841 is divided by 65087?
3580
What is the remainder when 1462383 is divided by 116?
87
What is the remainder when 9529438 is divided by 331?
279
What is the remainder when 20855 is divided by 6900?
155
What is the remainder when 8694242 is divided by 117487?
204
What is the remainder when 3939230 is divided by 3939223?
7
Calculate the remainder when 149645 is divided by 6217.
437
Calculate the remainder when 18009245 is divided by 16.
13
Calculate the remainder when 7040864 is divided by 91.
12
Calculate the remainder when 1685125 is divided by 15319.
35
Calculate the remainder when 83269567 is divided by 173.
169
Calculate the remainder when 660216 is divided by 962.
284
Calculate the remainder when 50513 is divided by 16379.
1376
What is the remainder when 208174 is divided by 1680?
1534
Calculate the remainder when 17038717 is divided by 65.
7
What is the remainder when 46915 is divided by 2479?
2293
Calculate the remainder when 63602546 is divided by 539.
7
What is the remainder when 404344 is divided by 5773?
234
What is the remainder when 33428 is divided by 284?
200
Calculate the remainder when 187765 is divided by 15640.
85
What is the remainder when 47765 is divided by 4712?
645
What is the remainder when 147404007 is divided by 39?
36
What is the remainder when 1451183 is divided by 3447?
3443
Calculate the remainder when 253717 is divided by 13069.
5406
What is the remainder when 2528505 is divided by 126425?
5
Calculate the remainder when 830472 is divided by 177.
165
Calculate the remainder when 183352 is divided by 12211.
187
What is the remainder when 132981 is divided by 350?
331
Calculate the remainder when 361796579 is divided by 518.
515
Calculate the remainder when 2091871 is divided by 873.
163
Calculate the remainder when 1123945 is divided by 224788.
5
What is the remainder when 10526648 is divided by 8743?
76
Calculate the remainder when 31796979 is divided by 194.
185
Calculate the remainder when 3290283 is divided by 43.
9
What is the remainder when 21803909 is divided by 8?
5
Calculate the remainder when 4189840 is divided by 1005.
1000
Calculate the remainder when 24245 is divided by 24235.
10
What is the remainder when 10638618 is divided by 85106?
368
What is the remainder when 105364 is divided by 1135?
944
What is the remainder when 1296005 is divided by 15?
5
Calculate the remainder when 2505781 is divided by 351.
343
What is the remainder when 53500 is divided by 1257?
706
What is the remainder when 26456878 is divided by 2645685?
28
Calculate the remainder when 17366 is divided by 831.
746
Calculate the remainder when 2692848 is divided by 16622.
84
What is the remainder when 4547450 is divided by 1922?
1920
What is the remainder when 150692425 is divided by 309430?
15
Calculate the remainder when 176429 is divided by 87872.
685
Calculate the remainder when 278602 is divided by 139301.
0
Calculate the remainder when 8434500 is divided by 2811493.
21
What is the remainder when 21262828 is divided by 116190?
58
What is the remainder when 436582 is divided by 14082?
40
What is the remainder when 66625 is divided by 76?
49
What is the remainder when 78657 is divided by 220?
117
What is the remainder when 6407235 is divided by 343?
338
Calculate the remainder when 631006 is divided by 126177.
121
Calculate the remainder when 107362 is divided by 35718.
208
Calculate the remainder when 6045442 is divided by 1511332.
114
Calculate the remainder when 3434987 is divided by 6156.
6095
What is the remainder when 208751 is divided by 171?
131
What is the remainder when 50616797 is divided by 229?
11
Calculate the remainder when 47876061 is divided by 106.
101
What is the remainder when 76518 is divided by 36180?
4158
Calculate the remainder when 2749594 is divided by 100.
94
Calculate the remainder when 161452742 is divided by 273.
269
Calculate the remainder when 3962276 is divided by 1228.
748
Calculate the remainder when 3458277 is divided by 3458018.
259
What is the remainder when 3402000 is divided by 119?
28
Calculate the remainder when 35929051 is divided by 6184.
11
Calculate the remainder when 20752382 is divided by 460.
402
What is the remainder when 16099 is divided by 7997?
105
Calculate the remainder when 203600 is divided by 1545.
1205
What is the remainder when 2418441 is divided by 105145?
106
Calculate the remainder when 521545 is divided by 521161.
384
What is the remainder when 302281 is divided by 3685?
111
Calculate the remainder when 1829872 is divided by 585.
577
What is the remainder when 163137351 is divided by 709?
705
Calculate the remainder when 366149 is divided by 366144.
5
Calculate the remainder when 496200054 is divided by 88.
86
Calculate the remainder when 204716 is divided by 622.
78
What is the remainder when 890378 is divided by 560?
538
What is the remainder when 19597589 is divided by 301501?
24
Calculate the remainder when 9482874 is divided by 1293.
12
What is the remainder when 105413025 is divided by 1526?
1523
Calculate the remainder when 36050 is divided by 17983.
84
What is the remainder when 946798 is divided by 146?
134
What is the remainder when 6242840 is divided by 3881?
2192
What is the remainder when 137527 is divided by 137511?
16
Calculate the remainder when 5801600 is divided by 7564.
12
Calculate the remainder when 322669 is divided by 20130.
589
What is the remainder when 1269699 is divided by 16?
3
Calculate the remainder when 1328449 is divided by 1152.
193
Calculate the remainder when 1032661 is divided by 97.
96
What is the remainder when 19487453 is divided by 556784?
13
What is the remainder when 15190922 is divided by 9291?
137
What is the remainder when 62091 is divided by 15114?
1635
What is the remainder when 426985 is divided by 70641?
3139
Calculate the remainder when 15690455 is divided by 22447.
2
What is the remainder when 35643558 is divided by 3910?
3908
Calculate the remainder when 6223908 is divided by 6223841.
67
Calculate the remainder when 1366479 is divided by 455493.
0
What is the remainder when 76605 is divided by 38076?
453
Calculate the remainder when 44404830 is divided by 154.
8
What is the remainder when 100946 is divided by 2630?
1006
What is the remainder when 2899671 is divided by 485?
341
Calculate the remainder when 21058331 is divided by 208.
203
What is the remainder when 3157623 is divided by 16?
7
What is the remainder when 2727573 is divided by 1073?
7
Calculate the remainder when 22053796 is divided by 17.
2
What is the remainder when 356421 is divided by 16959?
282
Calculate the remainder when 337634637 is divided by 1008.
1005
Calculate the remainde